*3. What is the units digit of v(3)?
6
Suppose -m = -66 - 1. Let z = 174 - m. Suppose z + 89 = 2*y. What is the units digit of y?
8
Suppose 16*y - 4730 = 81270. What is the thousands digit of y?
5
Suppose 0 = -14*d + 18489 + 41263. What is the units digit of d?
8
Let i be 6/5*450/(-27). Let p be i - -147 - 2*1*-2. What is the hundreds digit of (p - -1) + -1 + -2?
1
Let y = 20476 - -9801. What is the ten thousands digit of y?
3
Let r = -24 - -31. Suppose -716 = -11*f + r*f. Let k = f + -109. What is the tens digit of k?
7
Suppose 0 = 51*n - 54091 - 33119. What is the units digit of n?
0
What is the ten thousands digit of 207420/8*(-116)/(-145)?
2
Let y be (-4686)/14 + (-38)/133. Let j = -19 - y. What is the units digit of j?
6
Let u = 169 - 172. What is the units digit of (-4)/(u/(-3))*(-97)/2?
4
Let v be (-9)/(-4)*(-64)/(-12). Let b(f) = -f**2 - 12*f - 25. Let q(l) = 6*l**2 + 61*l + 126. Let s(u) = 11*b(u) + 2*q(u). What is the units digit of s(v)?
1
Let y(o) = 73*o**3 + o**2 - 6*o - 3. Let h be y(2). Let b = -74 + h. What is the units digit of b?
9
Let i(z) = z**3 - 32*z**2 - 4*z - 112. What is the tens digit of i(39)?
7
What is the hundreds digit of -2 + (-181108)/(-9) - (-6)/(-864)*16?
1
Let l = 45 - 41. Let q be -1 - (-2)/l*130/13. Suppose n + 65 = 4*k + 306, 0 = -n - q*k + 249. What is the units digit of n?
5
Suppose -5*d + 3*g + 58398 = 0, 3*d = 4*g - 15*g + 35026. What is the tens digit of d?
7
What is the tens digit of ((-234)/(-12) - 2)/(1/480)?
0
Let l(y) = 2*y + 11. Let j be l(-5). Let s be j + 3 - (-1 - 0). Suppose a + 332 = s*a. What is the tens digit of a?
8
Let l be 1/2 - -774*15/(-20). Let c = l + 882. What is the tens digit of c?
0
Suppose 5*v + 57 = 3*p - p, -4*p + v = -159. Suppose 0 = -36*j + p*j - 1260. Suppose j = 8*f + 4*f. What is the tens digit of f?
2
Let s = 3578 + -2448. Suppose 0 = -2*i + 2*u + 764, 0*i - 3*i - 5*u + s = 0. What is the tens digit of i?
8
Suppose 8*i + 16122 = 3*k, -3*i + 21 - 3 = 0. What is the thousands digit of k?
5
Let f(c) = -c**3 - 2*c**2 + c. Let w be f(-3). Let m be (w/(-2))/(-5*(-3)/555). What is the tens digit of (5*1/(-3) - -1)*m?
7
What is the units digit of 4/((24/(-5977))/(-12))?
4
Let i = -934 - -1779. Suppose 5*q = 5*k + i, 4*k - 511 = -3*q + 5*k. What is the tens digit of q?
7
Suppose a + 2*r = -1, r - 2*r = 4*a + 11. Let s = a + 316. What is the tens digit of s?
1
Suppose -63*d - 1040 = -23*d. What is the hundreds digit of (-7016)/d + 0 + (-20)/(-130)?
2
Let t = -15513 - -24175. What is the units digit of -5 + 6/21 + t/14?
4
Suppose -m + 434 = 3*x, 6*x - 163 = 5*x - 4*m. Let k be -1 + 2/(-4 + 6). Suppose 5*i - x - 92 = k. What is the units digit of i?
7
Let u(r) = -r**2 + 29*r - 17. Let h(s) = 2*s**2 - 58*s + 35. Let c(q) = 3*h(q) + 7*u(q). Let o = -8219 - -8231. What is the units digit of c(o)?
0
Suppose -3*q + 3*f - 9 = 0, 3*q - 2*f = -3 - 3. Suppose 0 = -3*b + 7*b - n - 3820, q = 5*b + 3*n - 4792. What is the hundreds digit of b?
9
What is the hundreds digit of ((800/(-48))/10)/(1/(-5364))?
9
Let h(v) = -11*v**2. Let d be h(-2). Let y = -73 - d. Let f = -4 - y. What is the units digit of f?
5
Let b(m) be the first derivative of 7*m**4/4 + 2*m**3/3 + 2*m - 7. Let g be b(2). Suppose 238 = 4*r - g. What is the tens digit of r?
7
Suppose 4*l = -3*p + 6, -4*p + 27*l = 24*l - 8. Suppose 8*j + 2*u + 4284 = 12*j, -4*u - 2142 = -p*j. What is the tens digit of j?
7
Let a = -831 + 497. Suppose 3845*i + 3952 = 3853*i. Let l = i + a. What is the units digit of l?
0
Let f(z) = 88*z + 7. Let t be f(8). Suppose 12*y - 3105 = t. What is the units digit of y?
8
What is the thousands digit of 6277620/216 + (-4)/72?
9
Suppose 182*x - 2770221 = 5061421. What is the ten thousands digit of x?
4
Let j = 110201 - 58857. What is the tens digit of j?
4
Let k be -14 - (1 - 20/(-5)). Let j(a) = -a**2 - 23*a + 37. What is the units digit of j(k)?
3
Suppose 3*r = 14 + 1. Let k = -89 - -134. Suppose 20 + k = j + r*b, -2*j - 4*b = -130. What is the units digit of j?
5
Let a(v) = -v**2 + 8*v - 9. Let m be a(6). Suppose l + 4*l + 10 = 0, -3*o + 60 = -m*l. Suppose 15*z + 327 = o*z. What is the units digit of z?
9
Let p be ((-9)/2)/(-3)*14. Let o be (p/(-28))/(3/1560). Let n = -168 - o. What is the units digit of n?
2
Let n(j) = -j**3 + 3*j**2 + 9*j + 8. Let c be n(5). Suppose -2*u - c*u + 3922 = -3*v, 0 = u + 5*v - 762. What is the units digit of u?
2
Let h(i) = 182*i**2 + 29*i - 56. What is the hundreds digit of h(3)?
6
Let k(f) = -32*f**2 + 1 - 5*f - 22*f**2 + 58*f**2. Let d be k(-8). Suppose 3*s - 201 = -2*a, -6*a - d = -9*a - 3*s. What is the units digit of a?
6
Suppose 3*u - 14 + 2 = 0. Suppose u*t - 18 = -2. Suppose -g + o = -2*g + 165, t*g + 5*o = 655. What is the units digit of g?
0
Let t be 6650/((-1 + 0)*(-3)/3). Suppose t = 12*o + 2*o. What is the hundreds digit of o?
4
Suppose -4*k + u + 1 = 0, -4*k - 2*u - 2 = -0. Suppose 0*l + 2*l + 78 = k. What is the tens digit of (-1722)/(-39) + 6/l?
4
What is the hundreds digit of 9/(-6)*-2 - (-21318 + (2 - 6))?
3
What is the tens digit of ((-6)/(-10))/1 - 1308888/(-245)?
4
Suppose 0 = 23*w - 24*w + 68. Suppose -k + 5*t = -255 - w, 0 = 2*k - 4*t - 658. What is the hundreds digit of k?
3
Let r(a) = 910*a + 1881. What is the thousands digit of r(8)?
9
Suppose 12*o = 17*o - 455. Let r = 151 - o. Suppose -p = -50 - r. What is the units digit of p?
0
Let c(m) = -m**3 + 31*m**2 - 2*m - 90. What is the units digit of c(22)?
2
Suppose -4*z - 963 - 1196 = m, -538 = z + 2*m. What is the hundreds digit of (z/105)/((-1)/266)?
3
Suppose -1117*g = -1154*g + 360158. What is the hundreds digit of g?
7
Suppose -5*j = 4*k - 17, -3*j + 2*j = 3. What is the units digit of 10/80 - (-3191)/k?
9
Let i(m) = -503*m + 276. Let o be i(-6). Suppose 464*g - 470*g + o = 0. What is the units digit of g?
9
Suppose 1198*w = 1207*w - 23373. What is the units digit of w?
7
Let q = 3630 + -1366. What is the units digit of q?
4
Let z = -24 - -27. Suppose z*h + l - 362 = 0, -3*l + 6*l - 606 = -5*h. What is the units digit of h?
0
Let c(x) = -10*x**2 + 7*x + 3. Let m(w) = w. Let k(b) = -c(b) + 5*m(b). What is the hundreds digit of k(-6)?
3
Let y(d) be the third derivative of 23*d**4/24 - d**3 + 4*d**2. Let l be y(3). Suppose -l = 4*p - 307. What is the units digit of p?
1
Suppose -2*f = -4*u + 576, 0 = -3*u + 9*f - 7*f + 428. What is the tens digit of u?
4
Let i(h) = -h**3 - h**2 - 10*h - 57. Let m be ((-112)/140)/(-1*1/(-5)). What is the units digit of i(m)?
1
Suppose 0*t = -x + t + 9, -11 = -x + 2*t. What is the units digit of (5 + (5 - x))/(3/362)?
2
Let j = -36 + 16. Let i(q) = -q**2 - 18*q + 5. Let v be i(j). Let y = v + 62. What is the tens digit of y?
2
Let a = -97 - -331. What is the tens digit of 3*a/2 + (30 - 25)?
5
Let w = -20772 - -27494. What is the hundreds digit of w?
7
Suppose 3*y + 618 = 5*o - 11, 3*o = -3*y - 597. Let q be (-2)/14 + y/(-49). Suppose -2*f + 0*c = -q*c - 50, 2*c = -2*f + 56. What is the tens digit of f?
2
Let u = 36523 - 21327. What is the tens digit of u?
9
Let d(h) be the third derivative of h**4/12 + 5*h**3/6 - 2*h**2. Let y be d(-4). Let g(w) = 4*w**2 + 4*w + 4. What is the tens digit of g(y)?
2
Let w be (-11 - 30/(-10)) + 6. Let o(x) = 379*x**2 + 8*x + 13. What is the thousands digit of o(w)?
1
Let r be (4/(8/(-2)))/(1/(-305)). Let f = r - -238. What is the tens digit of f?
4
Suppose j - 1 = 0, -3*j - 49 = -5*n - 2*j. What is the hundreds digit of 429*(n/3 - 2)?
5
Let p = 1264 - 758. Suppose -6*l + 122 - p = 0. What is the units digit of (-4)/(l/12) - (-2325)/20?
7
What is the ten thousands digit of 3539304/342 - 3/(-19)?
1
Suppose v + 463 = a - 846, -2*v = 3*a - 3942. Let d = a + -745. What is the hundreds digit of d?
5
Let r(z) = -32*z - 171. Suppose f = -3*s - 28, s = -3*f - s - 63. What is the hundreds digit of r(f)?
4
Suppose -4*r - 3*m + 58546 = 0, 2*m + 2 = -2. What is the ten thousands digit of r?
1
Let h = -88 + 171. Let k = -42 + h. Suppose -41 - k = -b. What is the tens digit of b?
8
Let t be (-28 + 28)/(-1*(-1 + 2)). Suppose t = -9*o + 3*o + 18. Suppose 0 = 4*s + o*s - 1750. What is the hundreds digit of s?
2
Suppose -55*c + 47*c = -2*g + 82758, -4*g + 165612 = -4*c. What is the tens digit of g?
1
What is the thousands digit of 1*(2747 - (0 + -12)